{"id":23380,"date":"2020-10-06T14:57:42","date_gmt":"2020-10-06T12:57:42","guid":{"rendered":"https:\/\/demo.fotohof.at\/ausstellungen\/waehrend-alle-fotografieren-koennen-sich-manche-mit-der-fotografie-beschaeftigen\/"},"modified":"2023-10-28T18:00:34","modified_gmt":"2023-10-28T16:00:34","slug":"waehrend-alle-fotografieren-koennen-sich-manche-mit-der-fotografie-beschaeftigen","status":"publish","type":"ausstellungen","link":"https:\/\/fotohof.at\/en\/exhibitions\/waehrend-alle-fotografieren-koennen-sich-manche-mit-der-fotografie-beschaeftigen\/","title":{"rendered":"W\u00e4hrend alle fotografieren k\u00f6nnen sich manche mit der Fotografie besch\u00e4ftigen"},"featured_media":17791,"template":"","ausstellung_kooperation":[],"ausstellung_kurator":[1120],"ausstellung_leihgabe":[],"ausstellung_unterstutzung":[],"class_list":["post-23380","ausstellungen","type-ausstellungen","status-publish","has-post-thumbnail","hentry","ausstellung_kurator-ruth-horak"],"acf":[],"_links":{"self":[{"href":"https:\/\/fotohof.at\/en\/wp-json\/wp\/v2\/ausstellungen\/23380","targetHints":{"allow":["GET"]}}],"collection":[{"href":"https:\/\/fotohof.at\/en\/wp-json\/wp\/v2\/ausstellungen"}],"about":[{"href":"https:\/\/fotohof.at\/en\/wp-json\/wp\/v2\/types\/ausstellungen"}],"version-history":[{"count":0,"href":"https:\/\/fotohof.at\/en\/wp-json\/wp\/v2\/ausstellungen\/23380\/revisions"}],"wp:featuredmedia":[{"embeddable":true,"href":"https:\/\/fotohof.at\/en\/wp-json\/wp\/v2\/media\/17791"}],"wp:attachment":[{"href":"https:\/\/fotohof.at\/en\/wp-json\/wp\/v2\/media?parent=23380"}],"wp:term":[{"taxonomy":"ausstellung_kooperation","embeddable":true,"href":"https:\/\/fotohof.at\/en\/wp-json\/wp\/v2\/ausstellung_kooperation?post=23380"},{"taxonomy":"ausstellung_kurator","embeddable":true,"href":"https:\/\/fotohof.at\/en\/wp-json\/wp\/v2\/ausstellung_kurator?post=23380"},{"taxonomy":"ausstellung_leihgabe","embeddable":true,"href":"https:\/\/fotohof.at\/en\/wp-json\/wp\/v2\/ausstellung_leihgabe?post=23380"},{"taxonomy":"ausstellung_unterstutzung","embeddable":true,"href":"https:\/\/fotohof.at\/en\/wp-json\/wp\/v2\/ausstellung_unterstutzung?post=23380"}],"curies":[{"name":"wp","href":"https:\/\/api.w.org\/{rel}","templated":true}]}}

Während alle fotografieren können sich manche mit der Fotografie beschäftigen
